ommon factor of 340 and 1677288?
68
What is the highest common divisor of 125 and 12625?
125
What is the highest common divisor of 2415 and 7980?
105
What is the greatest common factor of 414 and 14329?
23
What is the highest common factor of 10978 and 468062?
998
Calculate the highest common factor of 2266308 and 33.
33
Calculate the highest common factor of 1914 and 142593.
957
Calculate the greatest common divisor of 924888 and 8010.
534
Calculate the highest common factor of 7168 and 2156.
28
Calculate the highest common divisor of 130 and 3933865.
65
Calculate the greatest common factor of 11745 and 9315.
405
Calculate the highest common factor of 19144 and 12.
4
What is the highest common divisor of 1935 and 7173?
9
What is the greatest common divisor of 316004 and 14626?
206
What is the highest common factor of 120 and 38720?
40
What is the greatest common factor of 105 and 1069040?
35
What is the greatest common divisor of 6648535 and 5?
5
Calculate the greatest common divisor of 75 and 1686.
3
Calculate the greatest common factor of 2015528 and 24.
8
Calculate the highest common divisor of 165912 and 310.
62
Calculate the highest common factor of 1062 and 3298572.
1062
What is the highest common factor of 95760 and 5488?
112
What is the greatest common factor of 7332 and 1404?
156
What is the highest common factor of 947691 and 9?
9
Calculate the highest common divisor of 38 and 573.
1
What is the highest common divisor of 45809 and 1691?
19
Calculate the greatest common divisor of 2334 and 18.
6
Calculate the highest common divisor of 910928 and 2364.
788
What is the greatest common divisor of 4572 and 7452?
36
Calculate the greatest common divisor of 4832 and 62967.
151
Calculate the greatest common factor of 5268 and 96.
12
What is the highest common divisor of 42 and 35133?
21
Calculate the greatest common divisor of 216 and 3576.
24
Calculate the greatest common factor of 536 and 3708.
4
What is the highest common divisor of 99 and 1298?
11
What is the highest common divisor of 48 and 59964?
12
Calculate the greatest common factor of 40905 and 505.
505
Calculate the greatest common divisor of 903 and 14301.
21
What is the highest common factor of 2500 and 127900?
100
What is the greatest common divisor of 86 and 1075?
43
What is the highest common factor of 22082 and 1159?
61
Calculate the greatest common divisor of 5376 and 857856.
768
What is the highest common divisor of 26 and 1186159?
13
Calculate the highest common divisor of 467 and 391813.
467
What is the greatest common factor of 10136 and 2632?
56
Calculate the highest common divisor of 378 and 111468.
42
What is the greatest common divisor of 872 and 50794?
218
Calculate the greatest common factor of 240 and 69720.
120
What is the greatest common divisor of 2786 and 2141638?
398
Calculate the highest common divisor of 3743 and 2561.
197
Calculate the highest common factor of 684531 and 13146.
939
Calculate the highest common divisor of 635061 and 21.
21
What is the greatest common divisor of 85011 and 645?
129
What is the greatest common divisor of 357644 and 424?
212
Calculate the highest common divisor of 22914 and 456.
114
Calculate the greatest common divisor of 2900 and 26796.
116
Calculate the highest common factor of 2625 and 840.
105
What is the greatest common factor of 65 and 597155?
65
Calculate the highest common factor of 2132 and 92.
4
What is the greatest common divisor of 1734319 and 1522?
761
What is the highest common factor of 8477530 and 1831?
1831
What is the highest common divisor of 335243 and 2092?
523
What is the highest common divisor of 308844 and 612?
36
What is the highest common factor of 63252 and 6804?
252
What is the greatest common factor of 70294 and 28?
14
Calculate the greatest common factor of 95458 and 286.
22
What is the greatest common factor of 12821 and 29?
1
Calculate the greatest common factor of 12879 and 1737.
9
What is the greatest common divisor of 43741 and 248?
31
Calculate the highest common divisor of 29 and 5539.
29
What is the highest common divisor of 29232 and 83984?
464
Calculate the greatest common factor of 102 and 978350.
34
What is the greatest common factor of 4192 and 55937?
131
What is the highest common divisor of 28968 and 72?
24
Calculate the greatest common factor of 14640 and 334768.
976
Calculate the highest common divisor of 2472 and 1532228.
412
Calculate the greatest common factor of 174 and 13866.
6
Calculate the greatest common divisor of 1538002 and 142.
142
What is the highest common factor of 400 and 40480?
80
What is the greatest common factor of 315 and 248073?
21
Calculate the highest common divisor of 34579 and 453.
151
Calculate the highest common factor of 299 and 5888.
23
Calculate the greatest common factor of 712 and 436367.
89
What is the highest common factor of 2150951 and 33?
11
Calculate the highest common divisor of 1494384 and 48.
48
What is the highest common factor of 912 and 648888?
456
Calculate the greatest common factor of 86086 and 22.
22
What is the highest common factor of 3775 and 100?
25
What is the greatest common factor of 1351 and 7539931?
1351
What is the greatest common factor of 1172592 and 144?
144
Calculate the highest common factor of 17645782 and 1078.
1078
What is the greatest common factor of 20520 and 63?
9
What is the highest common factor of 1040 and 6448?
208
What is the highest common factor of 1007216 and 4624?
272
What is the greatest common divisor of 5024 and 39250?
314
What is the greatest common divisor of 914 and 114?
2
What is the highest common divisor of 2965 and 410?
5
What is the greatest common divisor of 1428 and 3612?
84
What is the highest common divisor of 2510 and 610?
10
What is the greatest common factor of 22330 and 161385?
1015
Calculate the highest common divisor of 2358 and 446448.
786
What is the highest common divisor of 632 and 199159?
79
What is the highest common divisor of 107126 and 1566?
58
Calculate the highest common factor of 7208 and 1325.
53
What is the greatest common divisor of 2440 and 14990?
10
Calculate the greatest common divisor of 12753 and 65.
13
What is the greatest common divisor of 4169743 and 34?
17
What is the greatest common divisor of 39574 and 94?
94
What is the highest common factor of 2829 and 1107?
123
What is the greatest common divisor of 3358 and 920?
46
What is the highest common factor of 18259 and 14383?
19
What is the greatest common factor of 5136 and 286332?
1284
What is the highest common factor of 325397 and 34?
17
What is the highest common divisor of 15433 and 23?
23
What is the greatest common divisor of 204 and 121244?
68
Calculate the greatest common factor of 18270 and 4410.
630
Calculate the highest common divisor of 10547 and 398.
199
Calculate the greatest common factor of 473 and 88.
11
What is the highest common divisor of 12792 and 225888?
312
Calculate the greatest common divisor of 1799039 and 164.
41
What is the highest common divisor of 463594 and 58?
58
Calculate the highest common factor of 1800 and 249525.
225
What is the highest common factor of 464 and 376?
8
What is the highest common divisor of 46720 and 40?
40
Calculate the greatest common factor of 500 and 414250.
250
What is the greatest common factor of 24810 and 30?
30
Calculate the highest common divisor of 19 and 1875927.
19
What is the greatest common divisor of 46999 and 7396?
43
Calculate the greatest common divisor of 5833 and 152.
19
What is the highest common factor of 2275 and 40600?
175
Calculate the highest common divisor of 2697832 and 17.
17
Calculate the greatest common factor of 165 and 214665.
165
What is the greatest common divisor of 5221076 and 28?
28
Calculate the highest common divisor of 175913 and 43.
43
What is the highest common factor of 1313032 and 56?
56
What is the highest common divisor of 316 and 83266?
158
Calculate the highest common factor of 9492 and 28250.
226
What is the greatest common divisor of 17070 and 1320?
30
Calculate the greatest common divisor of 196 and 107163.
49
What is the greatest common factor of 118 and 129033?
59
What is the greatest common divisor of 123824 and 14626?
142
Calculate the greatest common factor of 114 and 20710.
38
Calculate the h